3 + 37. Suppose -h + 4*h + 3*s - 24 = 0, s = 5*h - 16. Suppose 2*y + 36 = h*y. Calculate the remainder when x is divided by y.
16
Let f = -289 + 487. Calculate the remainder when f is divided by 25.
23
Let u(t) = 28*t**2 - t - 1. Let k(y) = 7*y + 5. Let w be k(4). Let x = -23 + w. Calculate the remainder when u(-1) is divided by x.
8
Let o(g) = g**2 + 4*g - 2. What is the remainder when o(5) is divided by (-2)/(-6)*(-10 - -46)?
7
Let l(g) = 3 - 4 + g**2 - 4*g - 3 + 3. Let n be l(2). Let k = 6 + n. What is the remainder when 1 is divided by k?
0
Let k be 48/60*5/2. What is the remainder when 18 is divided by 2/(-4) - (-11)/k?
3
Let j(u) = 11*u**2 - 1. Calculate the remainder when 19 is divided by j(1).
9
Let m be 2 + 1 - 2 - -4. Suppose 0 = 4*w - 3*p - 59, -w - 4*p = -2*w + m. What is the remainder when w is divided by 9?
8
Suppose -3*b + 2*s = -31, 0 = 4*b + b + 2*s - 57. What is the remainder when 32 is divided by b?
10
Let r(a) = -a**2 + 9*a. Let m be r(7). Suppose 2*h = 3*t - t + m, -h + 23 = -5*t. Calculate the remainder when 9 is divided by h.
0
Suppose -4*s + s = 0. Let h = s - 0. Suppose 5*p - 8 - 32 = h. Calculate the remainder when 14 is divided by p.
6
Let b = 9 + -6. Let z(k) = -k + 3. Let x be z(-4). Let u = 0 + x. What is the remainder when u is divided by b?
1
Suppose 3 = 3*f + 3*o, -4*f + 3*f + 2*o = -16. Suppose -3*x = -27 - f. Calculate the remainder when x is divided by 7.
4
Suppose 45 = 4*o - 23. Let n(c) be the third derivative of c**4 + c**3/6 + 2*c**2. What is the remainder when n(2) is divided by o?
15
Suppose -24 = 3*n + n. Let g = n + 14. Calculate the remainder when 31 is divided by g.
7
Let u = 3 + -6. Let j be (4 + -2 + u)*-1. Suppose -2 = -4*r - 2*x, 6*r + 3*x + j = 2*r. Calculate the remainder when 6 is divided by r.
0
Let o = 9 - 6. Suppose -5*y = -2*y - 5*p - 58, 15 = -o*p. Calculate the remainder when 32 is divided by y.
10
Suppose 3*q - 6 = 5*q. Let v = -5 - q. Let z = 0 - v. Calculate the remainder when z is divided by 1.
0
Calculate the remainder when 85 is divided by -2*(-13 + (-2 - -4)).
19
Suppose -7*i + 83 = -6*i. Calculate the remainder when i is divided by 28.
27
Let k(y) = y - 2. Let a be k(3). Let p = 4 + a. Let s = 4 - 1. Calculate the remainder when p is divided by s.
2
Suppose 27 = -6*y + y - 3*n, 0 = 2*y + 3*n + 9. Let k(d) = 2*d**2 + 10*d + 8. What is the remainder when k(y) is divided by 8?
4
Suppose 3*b + q = -126, q + 3*q - 193 = 5*b. Let j = 58 + b. Suppose 5*u - x - 43 - 198 = 0, 2*u - 82 = 4*x. Calculate the remainder when u is divided by j.
15
Let u = 4 - 13. Let h = 28 + u. What is the remainder when h is divided by 11?
8
Let a = 431 - 260. What is the remainder when a is divided by 58?
55
Let u be 5/3*12/4. Suppose u*w + 3*l = 12, -2*w + 6*w = l + 13. What is the remainder when 41 is divided by 43/w - (-3)/(-9)?
13
Suppose 4*l - 27 = l. Suppose r - l = 5. Calculate the remainder when r is divided by -1 - (0 - 0) - -9.
6
Suppose -p = -4*p + 51. What is the remainder when 67 is divided by p?
16
What is the remainder when 1276/12 - 8/6 is divided by 36?
33
Suppose -23 = 5*g - 133. Calculate the remainder when 64 is divided by g.
20
What is the remainder when 113 is divided by 0 + (4 - 3) - -28?
26
Let m be (21/(-3))/(2/(-4)). Let t = 24 - m. Calculate the remainder when 19 is divided by t.
9
Let o(m) = -m + 8. Let i be o(6). Suppose -3*n + 81 = 3*z, -i*z + 5*n + 40 = -0*n. Let d = -10 + z. What is the remainder when 44 is divided by d?
14
Let i(r) = r**3 - 2*r**2 + 2. Suppose -5*o + 155 = -4*x, -5*o + 62 = -2*x - 93. Calculate the remainder when o is divided by i(3).
9
Suppose 6 = 5*t - 9. Suppose 0 = -t*p - p + 48. Calculate the remainder when p is divided by 7.
5
Let h = 8 + -15. Let v = -13 - h. What is the remainder when 49 is divided by ((-34)/v)/((-2)/(-6))?
15
Let i be 19*1/(-3 - -4). Let c = 43 - i. What is the remainder when c is divided by (1/(-1))/((-2)/26)?
11
Let t(b) = b + 5. Suppose -7 = 2*c + 3*i, 0*c + 3*c + 2*i = 2. What is the remainder when 15 is divided by t(c)?
6
Let i = -3 - -4. Suppose -6 = -4*x - 3*u + 10, 2*u = 5*x - 20. What is the remainder when x is divided by i?
0
Suppose -4*c = 16, 5*g + 0*c - 246 = -c. What is the remainder when g is divided by 13?
11
Let w(v) = -v**2 - 12*v + 11. Let m be w(-9). Calculate the remainder when ((-2)/1 - -1) + m is divided by (-80)/(-6) + 5/(-15).
11
Suppose -m + 6*m - 125 = 0. Calculate the remainder when ((-73)/4)/((-1)/4) is divided by m.
23
Let y(r) = 2*r - 8. Calculate the remainder when 5 is divided by y(6).
1
Let b(d) = -d**2 - 6*d - 1. Suppose 3*u - 21 = 9. What is the remainder when u is divided by b(-5)?
2
Suppose 2*c = -4*c + 42. What is the remainder when 89 is divided by c?
5
Let b = -5 + 8. Calculate the remainder when (11/(-4) - 2/(-8))*-2 is divided by b.
2
Suppose 5*h + 2*l - 6 = 2*h, -4 = -2*h - l. Calculate the remainder when 2 is divided by h.
0
Suppose 10*i - 160 = -0*i. What is the remainder when 62 is divided by i?
14
Suppose -4*b - 4*m + 52 = 0, 6*b - m - 43 = 3*b. Suppose -l + 13 = 4*q, 3*q = -q + 4*l + 28. Let s = b - q. Calculate the remainder when 18 is divided by s.
8
Suppose 58 = 4*o + 2*b, 3*b - b = 2*o - 38. Let k be 3/(-2)*(-12)/9. What is the remainder when 972/21 + k/(-7) is divided by o?
14
Suppose -67 = -3*t + 4*q, 4*q = 2*t - 51 + 13. What is the remainder when 115 is divided by t?
28
Let k(j) = -3*j + 20. Calculate the remainder when 132 is divided by k(-5).
27
Suppose 4*g + 0*n - 2*n = 4, -3*g - 5*n = -29. Suppose -2*h = g*h - 2*v - 65, 52 = 4*h + 2*v. Calculate the remainder when 23 is divided by h.
10
Suppose 2*z = -z + 9. Suppose -z*m - 2*m = -130. What is the remainder when m is divided by 9?
8
Suppose 2*k - 5*q + 4 = 0, 5*k + 4*q - 23 = -0*q. Suppose 2*d + k*d - 20 = 0. What is the remainder when 10 is divided by d?
2
Let d = 12 - 5. Calculate the remainder when 12 is divided by 10/(-2)*(-7)/d.
2
Let k = -3 + 5. Suppose -5*t = 5*i - 105, -4*t + 84 = k*i - 0*i. Suppose 3*z = 15 + 18. Calculate the remainder when t is divided by z.
10
Let r(l) = -l**2 - 10*l + 24. Calculate the remainder when 51 is divided by r(-11).
12
Let v = -15 - -21. Suppose -5*w + 51 = -a, -5*w + 2*a - v*a = -46. What is the remainder when w is divided by 3?
1
Let k(j) = 3*j + 20. Calculate the remainder when k(19) is divided by 20.
17
Suppose i = -3*l - 0*l + 4, 4*l - 6 = -2*i. Calculate the remainder when 25 is divided by (-15 + i)/(-3 + 1).
4
Let c(s) = 6*s**3 - s**2 - 3*s + 1. Let y(k) = k**3 + 12*k**2 - 15*k - 12. What is the remainder when c(2) is divided by y(-13)?
11
Let x be 6/12 + 10/4. Suppose 5*l + n = x*n + 151, 5*l = n + 148. Calculate the remainder when l is divided by 98/10 + 1/5.
9
Let i = -33 + 50. Calculate the remainder when 32 is divided by i.
15
Suppose 6*c = 3*c + 96. What is the remainder when c is divided by 7?
4
Let k(w) = 14*w + 1. Let h be k(4). Let o = h - 30. What is the remainder when o is divided by 2 + -5 + (-36)/(-2)?
12
Let m(i) = -i**2 - 5*i + 8. Let v(l) = 3*l**2 - l + 1. Calculate the remainder when v(-1) is divided by m(-6).
1
Let v(h) = h**2 + 13*h - 4. Calculate the remainder when 127 is divided by v(-15).
23
Let p(t) = t**3 - 8*t**2 - 9*t - 9. Let g be p(9). What is the remainder when 17/(-2)*(-1 - 1) is divided by ((-6)/g)/(2/27)?
8
Let l(b) = -30*b + 4. Calculate the remainder when l(-3) is divided by 24.
22
Suppose -5*r - 15 = 0, -4*y = -4*r - 0*r - 136. Calculate the remainder when 121 is divided by y.
28
Let r = -35 + 50. Calculate the remainder when r is divided by 9.
6
Let j(l) = 5*l + 24. What is the remainder when j(19) is divided by 24?
23
Let r = 414 - 234. What is the remainder when r is divided by 61?
58
What is the remainder when 2 - 0 - (-5 - 76) is divided by 28?
27
Let k(d) = -d + 4. Calculate the remainder when 25 is divided by k(-3).
4
Let h = -4 + 15. Calculate the remainder when 41 is divided by h.
8
Suppose 0 = i - 0 - 38. Let a(o) = 7*o - 1. Let v be (3 + 1)*(-6)/(-12). Calculate the remainder when i is divided by a(v).
12
Let i be (-16)/10*(-25)/10. Suppose -k + 5*k = i. What is the remainder when 2 is divided by k?
0
Let c(n) = 4*n - 4. Let j(s) = -s**2 - s + 2. Let d be j(4). Let o be (2/(-3))/(4/d). What is the remainder when 15 is divided 